ate u(-9).
9
Let h = -14 + -10. Let u = -3 - h. Suppose 3*c - 18 = -3*f, u = 5*c + 6. Let z(x) = -2*x + 2. Determine z(f).
-4
Let j(l) = -2*l**3 + 3*l**2 + 3*l - 6. Let m be j(2). Let c(h) be the second derivative of h**4/6 + 7*h**3/6 + 5*h**2/2 + 317*h. Give c(m).
9
Suppose 0*f = -3*v + 4*f + 344, -3*v - f = -319. Suppose -115*p = -v*p + 7. Let t(w) = -17*w**2 + w + 1. What is t(p)?
-17
Suppose 11*a - 304 = 37. Let x(b) = a*b - 1 - 29*b + 2. Calculate x(6).
13
Let r(q) = -2*q**2 - 13*q + 4. Let l = 25 + -20. Suppose 0 = w - l*w - 24. Let k be r(w). Let f(p) = p. Calculate f(k).
10
Let g = 11315 - 11282. Let d(z) = -z**3 + 34*z**2 - 33*z - 7. Calculate d(g).
-7
Suppose 4*j + 2*d = 2*j - 2, 0 = 5*j - d - 19. Suppose -i = 3*i - t, j*t = i. Let o(a) = -13 + 0 + 6 - a**2 + a**3. Give o(i).
-7
Let a(r) = r**3 - 9*r**2 - 9*r - 8. Let d be (9 - -1)*(-13 - -14). Let z be a(d). Let x(n) = -3*n - 3 - 2*n**z + 3*n**2 + 5*n + 2. Calculate x(-3).
2
Let g(m) = 221109 - 4*m**2 - 15*m - 221118 + 3*m**2 + 0*m**2. Calculate g(-14).
5
Suppose 96*m - 214 = 94*m. Let i = m - 101. Let k(w) = -w**3 + 7*w**2 - 6*w - 1. What is k(i)?
-1
Let i = -2097 + 2087. Let o(k) = k + 19. Give o(i).
9
Let g(b) = b**3 - 6*b**2 + b - 4. Let i be 1*(-36)/3*-6. Suppose -3*u + 76 + 158 = 0. Let d = u - i. Calculate g(d).
2
Let z be 1/(-5) + (-66)/(-30). Let s(i) be the third derivative of 2*i**4/3 + i**3/3 - 18*i**2 - 19*i + 2. Calculate s(z).
34
Let g(m) = 33*m**2 - 2*m + 1. Let f = 363 + -334. Suppose 15 = -3*o + 5*v - 7, -f = -4*o - 5*v. Determine g(o).
32
Let m be (-10)/2 - -8*(-10)/20. Let j(i) be the second derivative of -i**3/3 - 2*i**2 + 2*i. Give j(m).
14
Let q(o) = -2*o**3 + 7*o**2 - o - 3. Let k(p) = -5*p**3 + 34*p**2 - 7*p - 18. Let s(m) = -k(m) + 5*q(m). Calculate s(2).
-29
Let c(g) = 105*g - 414. Let x be c(4). Let n(p) = -4*p + 25. Give n(x).
1
Let j(w) = -38*w**2 + 72*w + 8. Let u(q) = -9*q**2 + 17*q + 2. Let k(s) = 5*j(s) - 21*u(s). Suppose 5 - 1 = 2*y. Calculate k(y).
0
Let y(h) be the third derivative of -1/8*h**4 - 1/3*h**3 + 0*h + 0 - 3*h**2. Suppose 0 = -865*z + 856*z + 54. Determine y(z).
-20
Let o(t) = -5*t**2 - 9*t. Let f(z) = 6*z**2 + 88 - 48 - 42 + 9*z. Let n(h) = -4*f(h) - 5*o(h). Calculate n(-6).
-10
Suppose 444 = 24*j + 50*j. Let z(h) = 6*h**2 + 2 - h**3 - h + 2 - 4 + 3. Determine z(j).
-3
Let s(r) = -r**2 + 2. Let j be s(0). Suppose 0 = o + 4*u - j*u, 0 = -5*o - 5*u + 20. Suppose -2 = 3*i - o. Let y(f) = -f - 2. What is y(i)?
-4
Let x(v) = v**2 - 9*v + 3. Let g = -362 + 530. Let y = g - 160. Determine x(y).
-5
Let w(p) = p**3 - 7*p**2 + 16*p - 8. Let k be w(4). Let s(t) = -t**3 + 9*t**2 - 7*t - 22. What is s(k)?
-14
Let o(f) = 20*f + 38. Let u(q) = -6*q**3 - 54*q**2 - 5*q - 38. Let t be u(-9). Determine o(t).
178
Let q(v) = -v - 12. Let d(u) = 6*u + 50. Let a(m) = 6*d(m) + 23*q(m). What is a(-7)?
-67
Let q be (-36)/(18/(-6)) + -1. Let w(r) = r**2 - 4*r - 75. Let m be w(q). Let i(y) be the second derivative of y**5/20 - y**4/3 + y**3/2 - y. Calculate i(m).
-2
Let j(g) = -51*g + 87. Let a(k) = -3*k + 5. Let t(s) = -69*a(s) + 4*j(s). Let b = 17 - 12. Calculate t(b).
18
Let o(g) = 5*g - 7. Suppose -j + 4*d = 7, -10*j = -6*j + 4*d - 12. Calculate o(j).
-2
Let n be (102/(-360) - 1/(-5)) + (-2701)/(-444). Let q(b) = -25*b + 154. What is q(n)?
4
Let v = 399 - 271. Let n = 134 - v. Let z(o) = o + 4. Give z(n).
10
Let v(l) be the third derivative of -l**4/12 - 4*l**3 + 44*l**2. Let g be v(-13). Let a(f) = f**3 + 2*f - 3. Determine a(g).
9
Let v(f) be the first derivative of -f**3 + 5*f**2 + 15*f + 1500. What is v(-2)?
-17
Let a(g) be the first derivative of -g**2/2 + 3*g + 1. Let y = -1240 + 486. Let n = 759 + y. Calculate a(n).
-2
Let p(z) = -6 + 3 - 4*z + 2*z - 30*z**3 + 4. Let l(y) = -2*y + y - 7*y**3 - 8*y**3 + 14*y**3 + 1. Let t(b) = 2*l(b) - p(b). Calculate t(-1).
-27
Suppose 4565 = 13*z - 2*z. Let n(f) = 3 + 0 - z*f + 411*f. Determine n(9).
-33
Let h(y) = -y - 5 + 9*y**2 - y + y + 6*y. Let v(c) = -5*c**2 - 3*c + 3. Let j(m) = 4*h(m) + 7*v(m). Suppose -r + d = -5*r, -4*d = 0. Calculate j(r).
1
Let n(k) = k**2 - 9*k - 6. Suppose -12*b = -0*b - 24. Suppose -c + 18 = 2*j, b*c - 3 = -j + 6. Give n(j).
-6
Let y(j) = 489*j - 14 + 485*j - 1453*j + 483*j. Determine y(7).
14
Let k(i) = -7 + 3*i - 2*i - 4*i. Suppose j - 87 = 12. Let w = -104 + j. What is k(w)?
8
Let i(s) be the second derivative of -3*s**5/10 - s**3/6 + s**2/2 + s - 23. Let h be ((-10)/4*1)/(20/(-8)). Determine i(h).
-6
Let q(l) = -1. Let c(a) = -a - 6. Let h(o) = c(o) - 5*q(o). Let d(p) = -3*p - 9. Let x(k) = d(k) - 5*h(k). Give x(5).
6
Let l(t) be the first derivative of t**5/120 + t**4/6 + 17*t**3/3 - 32. Let s(c) be the third derivative of l(c). What is s(3)?
7
Let m(h) = h**3 - h**2 + 5*h - 11. Let w be m(2). Let a(p) be the third derivative of p**4/24 - 5*p**3/6 + 172*p**2. What is a(w)?
-2
Suppose 4 = -6*q + 22. Suppose 4*l - 2*r + 1 - q = 0, -16 = 3*l + 2*r. Let i(x) = 0 - x + 2 + 0*x. What is i(l)?
4
Let h be (20/6)/((-40)/(-60)). Suppose -15 = -3*x + h*b, -3*x + 2*x + b + 3 = 0. Let u(d) = 2 - 268*d + 267*d + x. Determine u(-6).
8
Let u be (-4)/12 + (-52)/6. Let m(f) = 1 - 15*f**2 + 53*f**2 - 13*f**2 - 13*f**2 - 13*f**2 - 9*f. Calculate m(u).
1
Suppose 0 = 8*f - 49*f - 82*f - 984. Let u(o) = -2*o + 1. Calculate u(f).
17
Let m(s) = 2*s**2 - 135*s + 3 - 10*s**2 + 69*s + 68*s + 2*s**2. Give m(-2).
-25
Let c(p) = -19*p**2 - 741*p + 30. Let h be c(-39). Let x(k) = 8*k - 237. What is x(h)?
3
Let a(w) = -w**2 - w + 1. Let d be (-3)/(-8) - (-6044)/32*3. Let g = 568 - d. Calculate a(g).
-1
Let f(a) = 7*a**2 - 5*a - 5. Let n(b) be the third derivative of 2*b**5/15 - b**4/4 - b**3 + 30*b**2. Let o(u) = 6*f(u) - 5*n(u). Determine o(2).
8
Let y be (12/(-3) - -4)/((-2)/2). Suppose y = k - 19 + 15. Suppose -4 - k = c. Let b(u) = -u - 16. Determine b(c).
-8
Let c(d) = 80 + 100 - 21*d + 0*d + 106 - 320. What is c(-2)?
8
Suppose 84*c = 79*c + 17 + 3. Let v(d) = 2*d**3 - 10*d**2 + 5*d + 4. Give v(c).
-8
Let t(m) = m**2 + 5*m - 4. Let b(n) = -73*n - 73*n + 20 + 132*n + 2*n**2. Let y be b(9). Suppose -10*f = -2*f + y. Calculate t(f).
10
Let g = -12 - -8. Let p(c) = -4342*c**2 - 3*c + 6*c + 4 + 4335*c**2. Let x(j) = -2*j**2. Let d(m) = -p(m) + 4*x(m). Calculate d(g).
-8
Let j(b) = -25*b + 546. Let v(l) = -13*l + 284. Let f(r) = -5*j(r) + 9*v(r). Give f(22).
2
Let w(j) be the second derivative of 1/4*j**4 + 0 - 5/6*j**3 + 5/2*j**2 - 93*j. Calculate w(2).
7
Let r(s) = -11*s + 10*s + 3392 + 6*s - 3524. Give r(26).
-2
Let f(j) = -25*j**2 - 3*j + 14. Let g be (-22)/4 + -1 + (-83)/(-166). Let a(l) = 9*l**2 + l - 5. Let h(i) = g*f(i) - 17*a(i). Give h(-1).
-3
Let c(t) be the first derivative of -12 - 6*t - 4*t**2 - 1/3*t**3. Determine c(-7).
1
Suppose -25*q - 12 = -31*q. Let k(r) = 8 - 10*r + 0*r**q - r**2 + 2*r**2. What is k(9)?
-1
Let w(z) = z**3 - 14*z**2 + 21*z - 18. Suppose -694 = -119*l + 734. Give w(l).
-54
Let w(f) = -7 + 2 + 4 - 2*f. Let z(o) = -9*o**2 - 6. Let y be z(-3). Let i = 81 + y. Give w(i).
11
Let g = 22 - 12. Let u(k) = -8 - k**2 + 0*k**2 + 3*k - g*k. Let r(c) = -2*c**2 - 90*c + 181. Let h be r(-47). Determine u(h).
-8
Let k(y) = 5*y. Let g be k(-1). Let w(v) = 3*v**2 + v - 9. Let o be (-7)/(-49) + (-52)/(-28). Let z(n) = 4*n**2 + n - 10. Let i(b) = o*z(b) - 3*w(b). Give i(g).
-13
Suppose -570 = -5*l + 3*u, 8*l - u = 10*l - 239. Let j(h) = -55*h**2 - 7 - 61*h**2 + l*h**2. Suppose 3*a - 5 = -0*g - 2*g, 10 = -2*a - 4*g. What is j(a)?
18
Let r be 72/20*210/(-84). Let w(j) = j**2 + 7*j + 9. Determine w(r).
27
Suppose -3*f = 9 - 18. Let u(w) = 14*w**3 + 2*w**2 - 23*w - 3. Let l(k) = 5*k**3 + k**2 - 8*k - 1. Let j(a) = -11*l(a) + 4*u(a). Calculate j(f).
-13
Let a be (25 + -1)/(-4) - (13 + -19)*-2. Let j(t) = t**2 + 24*t + 99. Give j(a).
-9
Suppose -5*r - 5*y + 263 - 23 = 0, r + 3*y - 54 = 0. Let s(x) be the first derivative of -x**2 - 6*x - r + 1/3*x**3. Give s(6).
18
Suppose -1 = -l, -5*r + 7 = -4*l - 4. Let u(v) = -v**3 - 6*v**2 - r + 2*v**2 + 31*v - 35*v. Determine u(-2).
-3
Let p(s) be the third derivative of -s**5/60 - 2*s**4/3 + 5*s**3/3 - 7*s**2 - 106*s. Give p(-15).
25
Let p(l) be the second derivative of l**5/20 + 29*l**4/12 - 14*l**3/3 + 53*l**2/2 + 6*l + 84. What is p(-30)?
-7
Let n(h) = -h 